barcelona weather

 Latitude N 52 38' 53"    Longitude W 01 41' 24"    Elevation 97 m

NOAA Style Reports

The comparative data used are the 30-year (1961-1990) monthly averages from Barcelona Airport, 8 miles SSW (204) from the weather station.

Select a Year or Month report

Report for 2014 Sep
                   Monthly Climatological Summary for Sep 2014

Name: Barcelona Weather   City: Barcelona   Community: Catalonia   Country: Spain
Elevation: 97 m  Lat: N 41 23' 42"   Lon: E 002 07' 50"

                  Temperature (C), Rain (mm), Wind Speed (mph)

                                      Heat  Cool        Avg
    Mean                              Deg   Deg         Wind                 Dom
Day Temp  High   Time   Low    Time   Days  Days  Rain  Speed High   Time    Dir
----------------------------------------------------------------------------------
 1  25.1  29.0   4:27p  22.2   5:57a   0.0   6.8   0.0   1.9  11.0  11:42a     E
 2  24.5  29.4   3:57p  21.8   5:27a   0.0   6.2   0.0   1.3   8.0   1:57p     E
 3  24.0  27.0   1:57p  21.9   6:57a   0.0   5.7   0.0   2.6  11.0   6:12a     E
 4  23.6  25.7   2:27p  21.8   4:57a   0.0   5.3   0.0   2.6  11.0   1:12p   ENE
 5  24.1  27.2   3:27p  22.2   6:57a   0.0   5.8   0.9   2.3  12.0   3:42p     E
 6  25.6  31.6   2:27p  21.4  12:57a   0.0   7.3   0.0   1.3  11.0   1:27p     W
 7  26.3  30.9   4:42p  22.8   7:42a   0.0   8.0   0.0   1.2   8.0  12:27p   SSE
 8  26.6  32.6   5:57p  23.1   5:57a   0.0   8.4   0.3   1.4  11.0  12:57p   ESE
 9  25.7  30.0  10:57a  23.3  11:42p   0.0   7.4   0.0   2.6  11.0  12:12p     E
10  26.5  31.4  11:27a  21.7   7:12a   0.0   8.2   0.0   1.6   8.0   1:12p     E
11  25.8  31.6  10:42a  22.4   7:27a   0.0   7.5   0.0   1.9  12.0  11:57a   ESE
12  24.8  27.7   2:57p  22.3  11:57p   0.0   6.5   0.0   2.2  11.0   5:42p     E
13  24.3  27.5  11:42a  21.9   7:12a   0.0   6.0   0.0   2.4  11.0   1:12p     E
14  24.4  28.5   4:12p  21.7   6:27a   0.0   6.1   0.0   2.5  11.0   3:57p   ENE
15  23.9  28.7  12:27p  18.9   1:27a   0.0   5.6   7.8   2.6  13.0  12:57a   ENE
16  24.2  27.2  12:12p  21.1   7:12a   0.0   5.9   0.0   2.9  10.0  10:57a     E
17  24.2  29.9   5:12p  20.4   7:12a   0.0   5.9   1.8   2.3  10.0   3:12a     E
18  25.1  29.6   1:57p  21.4   5:42a   0.0   6.9   0.0   1.6  10.0   2:12p   ESE
19  26.1  31.0  11:12a  21.9   7:12a   0.0   7.8   0.0   1.5  16.0   3:57p   SSE
20  26.8  33.3  12:42p  21.7   3:42a   0.0   8.5   0.0   1.3   8.0   2:12p     W
21  25.0  30.2   5:11p  22.6  11:26p   0.0   6.3   0.0   1.6   8.0   4:09p     E
22  22.1  24.3   6:21a  18.8  11:20p   0.0   3.8   3.9   1.5  14.0  12:24p   ENE
23  19.7  25.7  12:31p  17.2   5:34a   0.1   1.5   5.7   1.3  12.0   5:12a     E
24  20.4  25.2  11:59a  17.2   5:36a   0.0   2.1   0.0   2.4  13.0   2:23p   ENE
----------------------------------------------------------------------------------
    24.5  33.3    20    17.2    23     0.1 149.5  20.4   1.9  16.0    19       E

Max >=  25.0: 23
Max <=   0.0:  0
Min <=   0.0:  0
Min <=  -2.0:  0
Max Rain: 7.8 on day 15
Days of Rain: 6 (>= 0.1 mm)  4 (>= 1.0 mm)  0 (>= 10.0 mm)
Heat Base: 18.3  Cool Base: 18.3  Method: Integration
:now::gauges::real time::current records::monthly records::all-time records::noaa report::trends::station::forum: