barcelona weather

 Latitude N 52 38' 53"    Longitude W 01 41' 24"    Elevation 97 m

NOAA Style Reports

The comparative data used are the 30-year (1961-1990) monthly averages from Barcelona Airport, 8 miles SSW (204) from the weather station.

Select a Year or Month report
2015 > Jan Feb Mar Apr May Jun Jul Aug Sep Oct Nov Dec
2014 > Jan Feb Mar Apr May Jun Jul Aug Sep Oct Nov Dec
2013 > Jan Feb Mar Apr May Jun Jul Aug Sep Oct Nov Dec
2012 > Jan Feb Mar Apr May Jun Jul Aug Sep Oct Nov Dec

Report for 2015 Mar
                   Monthly Climatological Summary for Mar 2015

Name: Barcelona Weather   City: Barcelona   Community: Catalonia   Country: Spain
Elevation: 97 m  Lat: N 41 23' 42"   Lon: E 002 07' 50"

                  Temperature (C), Rain (mm), Wind Speed (mph)

                                      Heat  Cool        Avg
    Mean                              Deg   Deg         Wind                 Dom
Day Temp  High   Time   Low    Time   Days  Days  Rain  Speed High   Time    Dir
----------------------------------------------------------------------------------
 1  15.2  22.0   3:22p  10.3   6:51a   3.5   0.4   0.0   0.9  11.0   9:51p   WSW
 2  18.1  25.0   2:31p  13.6   1:15a   1.2   1.0   0.0   4.1  21.0   6:26a    NW
 3  15.5  20.7   4:58p  11.5   5:07a   3.0   0.2   0.0   1.2  12.0  11:38a   SSE
 4  11.1  15.1  11:15a   7.3   3:19p   7.2   0.0   7.5   2.0  21.0  10:10p    NE
 5  13.3  22.2   4:59p   5.9   4:43a   5.5   0.4   0.0   3.3  28.0   8:15a   NNW
 6  13.2  18.6  11:27a   8.0   6:59a   5.2   0.0   0.0   1.8  14.0   2:10p     W
 7  13.3  18.9  11:34a   9.4   7:31a   5.0   0.0   0.0   2.9  15.0  12:46p   ENE
 8  13.0  19.2   1:32p   8.4   6:30a   5.4   0.0   0.0   1.1  11.0   2:33p   SSE
 9  14.8  22.2  12:47p   9.8  12:48a   3.9   0.4   0.0   1.0   9.0   2:18p    SW
10  15.6  21.3  11:52a  11.3   1:27a   3.0   0.4   0.0   1.4  13.0   3:33p   WSW
11  16.8  25.0   1:19p  10.2   6:59a   2.9   1.4   0.0   0.5   8.0  12:57p   SSW
12  15.3  21.7  10:13a  11.6  11:53p   3.1   0.2   0.0   3.2  17.0   1:55p     E
13  14.3  20.0  12:50p  10.0   6:41a   4.0   0.0   0.0   1.6  12.0   4:12p     S
14   9.1  12.9  12:14a   5.5   6:38p   9.2   0.0   6.9   2.2  17.0   6:02p   NNE
15  10.2  17.0   3:08p   5.0   6:35a   8.1   0.0   0.3   2.3  17.0   8:40a    NW
16  10.4  13.8  11:33a   7.3   6:58a   7.9   0.0   0.0   3.0  16.0   2:16p     E
17  12.1  18.2   4:09p   6.1   6:38a   6.2   0.0   0.0   2.6  15.0   1:17p   ENE
18  13.5  16.0  12:22p  11.1   7:42a   4.8   0.0   0.0   7.6  24.0   9:17a   ENE
19  14.7  18.4   2:04p  11.7   2:11a   3.6   0.0   0.0   7.1  28.0   2:59p   ENE
20  15.0  17.7  12:32p  12.7   7:52p   3.3   0.0   0.6  10.2  33.0   1:04p   ENE
21  13.3  15.7  12:48p  11.4   6:44a   5.0   0.0  10.8   8.4  38.0   4:02a   ENE
22  13.2  17.4  11:52a  11.3  10:06p   5.1   0.0   0.3   4.9  20.0   5:50p   ENE
23  13.3  16.5   1:40p  11.3  12:56a   5.0   0.0   0.0   6.9  23.0  12:42p   ENE
24  12.7  15.5   2:47p  10.9   5:45a   5.6   0.0   4.8   6.5  21.0   7:02a   ENE
25  11.6  16.6   3:18p   8.2   7:32a   6.7   0.0   3.0   2.5  17.0   6:33a    NW
26  12.7  19.1   1:43p   6.2   6:01a   5.6   0.0   0.6   2.5  17.0   8:33a    NW
27  15.3  22.9   5:04p  10.3   5:23a   3.4   0.4   0.0   1.7  13.0   7:51a     E
28  17.5  25.0   4:20p  12.6  12:12a   2.1   1.3   0.0   3.1  26.0   9:01a   NNW
29  16.7  23.6   2:07p  11.5   7:39a   2.2   0.7   0.0   2.1  18.0   2:15p   NNE
30  18.1  26.4   2:49p  14.5   3:39a   1.2   1.0   0.0   3.6  29.0  10:06a   NNW
31  18.0  24.6  12:19p  13.8  11:03p   1.4   1.1   0.0   2.8  15.0   5:27p     E
----------------------------------------------------------------------------------
    14.1  26.4    30     5.0    15   139.3   8.9  34.8   3.4  38.0    21      NE

Max >=  25.0:  4
Max <=   0.0:  0
Min <=   0.0:  0
Min <=  -2.0:  0
Max Rain: 10.8 on day 21
Days of Rain: 9 (>= 0.1 mm)  5 (>= 1.0 mm)  1 (>= 10.0 mm)
Heat Base: 18.3  Cool Base: 18.3  Method: Integration
:now::gauges::real time::current records::monthly records::all-time records::noaa report::trends::station::forum: