barcelona weather

 Latitude N 52 38' 53"    Longitude W 01 41' 24"    Elevation 97 m

NOAA Style Reports

The comparative data used are the 30-year (1961-1990) monthly averages from Barcelona Airport, 8 miles SSW (204) from the weather station.

Select a Year or Month report
2014 > Jan Feb Mar Apr May Jun Jul Aug Sep Oct Nov Dec
2013 > Jan Feb Mar Apr May Jun Jul Aug Sep Oct Nov Dec
2012 > Jan Feb Mar Apr May Jun Jul Aug Sep Oct Nov Dec

Report for 2014 Apr
                   Monthly Climatological Summary for Apr 2014

Name: Barcelona Weather   City: Barcelona   Community: Catalonia   Country: Spain
Elevation: 97 m  Lat: N 41 23' 42"   Lon: E 002 07' 50"

                  Temperature (C), Rain (mm), Wind Speed (mph)

                                      Heat  Cool        Avg
    Mean                              Deg   Deg         Wind                 Dom
Day Temp  High   Time   Low    Time   Days  Days  Rain  Speed High   Time    Dir
----------------------------------------------------------------------------------
 1  15.1  20.9  12:48p  10.8   6:12a   3.4   0.2   0.3   1.4  13.0  11:06p     W
 2  15.1  18.7   4:26p  11.8   6:21a   3.2   0.0   0.0   5.8  24.0   1:21p   ENE
 3  14.2  17.2  12:01a  12.1   5:36p   4.1   0.0  13.2   4.9  23.0  11:11a   ENE
 4  16.4  24.4   6:20p  11.2   2:22a   3.0   1.1   2.1   4.3  21.0  12:59p   WNW
 5  17.5  23.2   4:30p  12.0   7:27a   2.0   1.2   0.0   1.7  11.0   3:21p     E
 6  18.5  24.5   4:58p  13.7   4:27a   1.4   1.6   0.0   1.5  13.0   3:42p    SE
 7  17.9  23.5   1:56p  12.9  11:07p   1.7   1.3   0.0   1.4  14.0   5:15p     W
 8  16.2  23.1   5:51p  11.9   6:50a   2.6   0.6   0.0   1.7  12.0   2:03p     E
 9  18.1  23.0   2:04p  14.2   5:56a   1.3   1.1   0.0   1.7  19.0   3:27p   WSW
10  18.3  24.7   4:24p  14.4   7:27a   1.2   1.2   0.0   1.8  13.0   2:23a   ESE
11  18.3  25.2   2:15p  13.7   6:29a   1.3   1.3   0.6   2.0  17.0  10:16p     E
12  16.7  20.3   8:53a  14.6  11:39p   1.7   0.1   0.0   2.9  15.0   1:58p     E
13  19.5  26.6   1:36p  13.8   7:15a   1.3   2.4   0.0   1.3  11.0   2:19p   WNW
14  19.7  24.9   2:21p  15.4   5:59a   0.6   1.9   0.0   1.5  17.0   4:11p   SSE
15  19.7  25.5   3:10p  15.5   3:03a   0.5   1.9   0.0   1.5  13.0   3:56p   ESE
16  17.6  24.0  10:52a  13.9   6:10a   1.5   0.8   0.0   2.1  12.0  12:46p     E
17  17.1  22.8   4:02p  13.1   7:08a   2.0   0.8   0.0   2.2  12.0  12:59a     E
18  19.5  25.5   3:58p  13.8  12:56a   1.2   2.4   0.0   1.3  12.0   7:29a     W
----------------------------------------------------------------------------------
    17.5  26.6    13    10.8     1    34.0  19.9  16.2   2.3  24.0     2     ENE

Max >=  25.0:  4
Max <=   0.0:  0
Min <=   0.0:  0
Min <=  -2.0:  0
Max Rain: 13.2 on day 3
Days of Rain: 4 (>= 0.1 mm)  2 (>= 1.0 mm)  1 (>= 10.0 mm)
Heat Base: 18.3  Cool Base: 18.3  Method: Integration
:now::gauges::real time::current records::monthly records::all-time records::noaa report::trends::station::forum: