barcelona weather

 Latitude N 52 38' 53"    Longitude W 01 41' 24"    Elevation 97 m

NOAA Style Reports

The comparative data used are the 30-year (1961-1990) monthly averages from Barcelona Airport, 8 miles SSW (204) from the weather station.

Select a Year or Month report

Report for 2014 Dec
                   Monthly Climatological Summary for Dec 2014

Name: Barcelona Weather   City: Barcelona   Community: Catalonia   Country: Spain
Elevation: 97 m  Lat: N 41 23' 42"   Lon: E 002 07' 50"

                  Temperature (C), Rain (mm), Wind Speed (mph)

                                      Heat  Cool        Avg
    Mean                              Deg   Deg         Wind                 Dom
Day Temp  High   Time   Low    Time   Days  Days  Rain  Speed High   Time    Dir
----------------------------------------------------------------------------------
 1  15.1  19.4   3:19p  12.0  11:33p   3.2   0.0   0.6   2.1  14.0  12:47a   NNE
 2  13.4  18.3   3:22p  10.1   8:29a   4.9   0.0   0.0   2.7  20.0   4:30a   WNW
 3  11.0  13.3  12:00a   8.5   8:44a   7.3   0.0   1.5   3.0  15.0   4:48a   NNW
 4  10.3  12.3  11:45a   8.2   9:12p   8.0   0.0   4.2   3.8  17.0   7:56a   NNE
 5  10.2  13.6   1:20p   7.3   8:32a   8.1   0.0   0.0   2.5  17.0   1:08p   WNW
 6  10.1  17.3   2:26p   6.6   7:53a   8.2   0.0   0.0   2.7  18.0   4:16a    NW
 7  10.0  16.8   2:38p   6.1   8:18a   8.3   0.0   0.0   2.8  19.0   9:57a   WNW
 8  11.2  15.5   3:04p   7.5   3:54a   7.1   0.0   0.0   3.4  21.0   7:05a    NW
 9  10.6  15.3   3:16p   7.8   6:59a   7.7   0.0   0.0   5.5  32.0   6:02a     N
10   9.4  14.4   3:05p   5.3   7:49a   8.9   0.0   0.0   4.6  24.0   6:02a    NW
11  12.9  19.4   2:54p   9.3  12:00a   5.4   0.0   0.0   2.9  26.0  12:17a    NW
12  12.9  19.7   2:42p   8.8   4:47a   5.5   0.0   0.0   2.5  15.0  11:36a   WNW
13  13.0  20.0   1:54p  10.1   7:02a   5.3   0.0   0.0   0.9  11.0  10:23a   WNW
14  13.9  18.3   2:33p  10.3   3:02a   4.4   0.0   0.3   2.4  19.0  11:26p    NE
15  12.1  14.2  12:00a  10.2  12:33p   6.2   0.0  13.2   3.5  18.0  10:16a   NNE
16  10.9  14.7   2:43p   7.7   7:47a   7.4   0.0   0.0   3.8  21.0  12:52p    NW
17  11.5  14.9  10:11a   8.6   7:39a   6.8   0.0   0.0   1.0  11.0   2:23p    NW
18  14.6  20.0   3:25p  10.6   3:54a   3.7   0.0   0.0   2.6  23.0  11:31a   WNW
19  13.6  18.4   2:32p   9.9   9:01p   4.7   0.0   0.0   3.2  17.0  10:00a    NW
20  12.1  17.1   2:49p   9.7   6:25a   6.2   0.0   0.0   4.1  19.0   6:38p    NW
----------------------------------------------------------------------------------
    11.9  20.0    13     5.3    10   127.3   0.0  19.8   3.0  32.0     9     NNW

Max >=  25.0:  0
Max <=   0.0:  0
Min <=   0.0:  0
Min <=  -2.0:  0
Max Rain: 13.2 on day 15
Days of Rain: 5 (>= 0.1 mm)  3 (>= 1.0 mm)  1 (>= 10.0 mm)
Heat Base: 18.3  Cool Base: 18.3  Method: Integration
:now::gauges::real time::current records::monthly records::all-time records::noaa report::trends::station::forum: