barcelona weather

 Latitude N 52 38' 53"    Longitude W 01 41' 24"    Elevation 97 m

NOAA Style Reports

The comparative data used are the 30-year (1961-1990) monthly averages from Barcelona Airport, 8 miles SSW (204) from the weather station.

Select a Year or Month report

Report for 2015 Apr
                   Monthly Climatological Summary for Apr 2015

Name: Barcelona Weather   City: Barcelona   Community: Catalonia   Country: Spain
Elevation: 97 m  Lat: N 41 23' 42"   Lon: E 002 07' 50"

                  Temperature (C), Rain (mm), Wind Speed (mph)

                                      Heat  Cool        Avg
    Mean                              Deg   Deg         Wind                 Dom
Day Temp  High   Time   Low    Time   Days  Days  Rain  Speed High   Time    Dir
----------------------------------------------------------------------------------
 1  15.3  20.3   4:51p  12.6   5:58a   3.1   0.1   0.0   1.9  16.0   4:59p   WSW
 2  15.5  21.3  12:26p  10.0   7:07a   3.2   0.4   0.0   1.8  15.0   9:23a     W
 3  15.4  20.9   3:34p  11.0   7:47a   3.1   0.2   0.0   1.8  11.0  11:30a     E
 4  15.1  20.5   5:07p  11.7   6:31a   3.4   0.2   0.0   1.7  14.0   5:40p   ESE
 5  13.9  19.2  10:59a  10.1   6:15a   4.4   0.0   0.0   2.5  19.0   4:32p   ESE
 6  13.7  17.6   1:03p  10.9   6:20a   4.6   0.0   0.0   3.4  17.0   3:31a     E
 7  13.3  17.3  11:38a   9.3   6:41a   5.0   0.0   0.0   3.5  23.0   2:03p     E
 8  14.3  20.8  11:59a   8.1   5:35a   4.3   0.3   0.0   1.9  15.0   3:18p     W
 9  13.9  19.8   4:11p   7.8   6:24a   4.4   0.0   0.0   1.7  12.0   2:57p   ESE
10  14.6  20.1  12:09p  10.4   7:32a   3.7   0.1   0.0   2.2  13.0   2:48p     E
11  14.6  18.4   1:31p  11.2   6:32a   3.7   0.0   0.0   4.2  19.0   2:31p   ENE
12  16.4  20.7   2:59p  12.7   2:02a   2.2   0.3   0.0   2.6  13.0   1:14p   ENE
13  17.6  23.5   6:07p  12.0   4:20a   1.9   1.2   0.0   1.3  11.0  12:31p   ESE
14  19.7  27.0   4:01p  13.0   6:35a   1.5   2.9   0.0   1.0  11.0   2:11p     S
15  17.9  22.5   3:17p  13.7   6:59a   1.4   1.0   0.0   3.8  18.0   9:48p   ENE
16  17.3  22.5   6:12p  14.1  10:25p   1.5   0.5   2.1   2.1  15.0   1:06a     E
17  18.1  24.5   1:04p  13.9   3:49a   1.3   1.1   0.0   1.9  13.0   3:07p     E
18  18.9  25.5  12:06p  13.7   5:14a   1.3   1.9   0.0   1.3  12.0   4:57p     S
19  16.1  22.8  12:07p  13.2   5:37a   2.5   0.3   4.2   2.7  19.0   2:48p     E
20  16.1  21.5   4:54p  12.5   6:42a   2.3   0.1   0.0   1.6  13.0   2:25p    SE
21  19.2  25.6  11:58a  13.0   6:44a   1.5   2.4   0.0   1.7  13.0   5:40p   ESE
22  17.8  23.6   5:22p  14.5   4:13a   1.3   0.9   0.0   1.4  11.0   4:30p     E
23  18.1  23.9   6:19p  13.0   3:02a   1.3   1.1   0.0   2.1  14.0   2:47p   ESE
24  19.1  26.1  11:34a  14.6   6:40a   1.0   1.8   0.0   1.4  16.0   4:01p   WSW
----------------------------------------------------------------------------------
    16.3  27.0    14     7.8     9    63.9  16.8   6.3   2.1  23.0     7       E

Max >=  25.0:  4
Max <=   0.0:  0
Min <=   0.0:  0
Min <=  -2.0:  0
Max Rain: 4.2 on day 19
Days of Rain: 2 (>= 0.1 mm)  2 (>= 1.0 mm)  0 (>= 10.0 mm)
Heat Base: 18.3  Cool Base: 18.3  Method: Integration
:now::gauges::real time::current records::monthly records::all-time records::noaa report::trends::station::forum: