barcelona weather

 Latitude N 52 38' 53"    Longitude W 01 41' 24"    Elevation 97 m

NOAA Style Reports

The comparative data used are the 30-year (1961-1990) monthly averages from Barcelona Airport, 8 miles SSW (204) from the weather station.

Select a Year or Month report
2015 > Jan Feb Mar Apr May Jun Jul Aug Sep Oct Nov Dec
2014 > Jan Feb Mar Apr May Jun Jul Aug Sep Oct Nov Dec
2013 > Jan Feb Mar Apr May Jun Jul Aug Sep Oct Nov Dec
2012 > Jan Feb Mar Apr May Jun Jul Aug Sep Oct Nov Dec

Report for 2015 Jan
                   Monthly Climatological Summary for Jan 2015

Name: Barcelona Weather   City: Barcelona   Community: Catalonia   Country: Spain
Elevation: 97 m  Lat: N 41 23' 42"   Lon: E 002 07' 50"

                  Temperature (C), Rain (mm), Wind Speed (mph)

                                      Heat  Cool        Avg
    Mean                              Deg   Deg         Wind                 Dom
Day Temp  High   Time   Low    Time   Days  Days  Rain  Speed High   Time    Dir
----------------------------------------------------------------------------------
 1   9.7  16.0   3:07p   5.1   5:56a   8.6   0.0   0.0   1.9  14.0  12:17p   WNW
 2  11.8  19.7   3:19p   6.6   4:01a   6.5   0.0   0.0   2.5  17.0   9:52p    NW
 3  13.6  20.0   3:35p   9.2   6:53a   4.7   0.0   0.0   2.8  18.0   6:29a   WNW
 4  12.9  19.1   3:35p   9.2   8:35a   5.4   0.0   0.0   2.3  13.0   9:09a    NW
 5  13.1  20.7   2:26p   8.5   8:22a   5.3   0.2   0.0   1.1  13.0   4:56a     W
 6  10.5  17.6   2:27p   6.5   7:58a   7.8   0.0   0.0   2.4  17.0   9:54a    NW
 7  10.8  17.9   3:06p   7.5   4:11a   7.5   0.0   0.0   1.2   9.0  10:45a    NW
 8   8.9  13.9   3:02p   5.9   6:53a   9.4   0.0   0.0   3.2  21.0   7:54p    NW
 9   9.7  15.9   2:26p   4.7   8:08a   8.6   0.0   0.0   4.4  23.0   7:54p    NW
10  14.7  22.4   2:17p  10.3   3:55a   3.8   0.2   0.0   2.9  21.0   6:40a    NW
11  12.8  19.7   3:39p   9.8  10:11a   5.5   0.0   0.0   2.2  21.0   9:59a    NW
12  12.9  21.0   2:51p   6.7   6:30a   5.6   0.2   0.0   2.3  15.0   5:17a   WNW
13  13.6  19.9   2:23p  10.3   2:15a   4.7   0.0   0.0   1.3  14.0   3:37p     W
14  13.9  20.3   1:51p  10.9   7:18a   4.4   0.1   0.0   1.7  15.0  10:00a   WNW
15  13.8  19.7   2:36p  10.6   2:35a   4.5   0.0   0.0   1.5  14.0   7:42a     W
16  12.0  15.9  11:05a   7.9  11:52p   6.3   0.0   0.3   2.5  23.0  11:41p     W
17   9.0  16.1   2:31p   4.6   8:18a   9.3   0.0   0.0   2.8  23.0   2:10a    NW
18   9.9  18.2  11:46a   4.4   5:46a   8.4   0.0   2.4   1.9  17.0   4:26p     W
19   7.6   9.3   3:34p   6.2   8:34a  10.7   0.0   6.3   1.7   9.0  11:43a   NNE
20   7.4  12.1   2:50p   5.2   7:55a  10.9   0.0   0.0   3.4  16.0  11:34a    NW
21   7.1  12.5   1:18p   4.4   8:28a  11.2   0.0   0.0   3.2  17.0   6:02a    NW
22   8.1  15.9   1:44p   3.4   8:49a  10.2   0.0   0.0   2.3  12.0   1:16a    NW
----------------------------------------------------------------------------------
    11.1  22.4    10     3.4    22   159.3   0.7   9.0   2.3  23.0     9     WNW

Max >=  25.0:  0
Max <=   0.0:  0
Min <=   0.0:  0
Min <=  -2.0:  0
Max Rain: 6.3 on day 19
Days of Rain: 3 (>= 0.1 mm)  2 (>= 1.0 mm)  0 (>= 10.0 mm)
Heat Base: 18.3  Cool Base: 18.3  Method: Integration
:now::gauges::real time::current records::monthly records::all-time records::noaa report::trends::station::forum: