barcelona weather

 Latitude N 52 38' 53"    Longitude W 01 41' 24"    Elevation 97 m

NOAA Style Reports

The comparative data used are the 30-year (1961-1990) monthly averages from Barcelona Airport, 8 miles SSW (204) from the weather station.

Select a Year or Month report

Report for 2014 Nov
                   Monthly Climatological Summary for Nov 2014

Name: Barcelona Weather   City: Barcelona   Community: Catalonia   Country: Spain
Elevation: 97 m  Lat: N 41 23' 42"   Lon: E 002 07' 50"

                  Temperature (C), Rain (mm), Wind Speed (mph)

                                      Heat  Cool        Avg
    Mean                              Deg   Deg         Wind                 Dom
Day Temp  High   Time   Low    Time   Days  Days  Rain  Speed High   Time    Dir
----------------------------------------------------------------------------------
 1  19.8  25.3   4:10p  15.9   6:12a   0.4   1.8   0.0   0.5   8.0   1:43p   WSW
 2  19.4  25.9  11:33a  14.6   6:09a   0.6   1.7   0.0   0.9  10.0   4:02p   WNW
 3  19.2  24.5  12:21p  15.0   6:27a   0.3   1.3  26.4   1.9  20.0   1:02p     W
 4  16.3  21.3   2:32a  11.1  11:21p   2.3   0.3   9.9   3.4  21.0   2:16a     W
 5  13.9  20.5  11:41a   9.2   4:34a   4.6   0.2   0.0   2.3  15.0   1:05a    NW
 6  13.5  21.2   3:07p   8.2   7:25a   5.0   0.2   0.0   2.3  17.0   4:39a    NW
 7  15.8  24.3   2:09p  10.2   6:00a   3.2   0.7   0.0   2.3  17.0   5:31p   NNW
 8  15.1  17.1   4:52p  13.2  11:15p   3.2   0.0   0.3   1.1  11.0   9:21a   WNW
 9  14.0  16.6   8:54a  11.6  11:11p   4.3   0.0   0.0   2.3  18.0  11:39a    NW
10  13.7  17.9   4:02p  10.2   8:12a   4.6   0.0   0.9   1.5  13.0   4:14a    NW
11  13.4  20.1  10:41a  10.7   5:30a   4.9   0.0   4.8   0.9  15.0  12:38p   WNW
12  15.3  21.9   1:47p  10.3   6:49a   3.4   0.4   0.0   2.8  23.0   4:16a     W
13  16.5  23.5   2:13p  11.5   5:50a   2.6   0.8   0.0   2.1  17.0   1:38p     W
14  17.1  20.5   2:56p  14.0   2:26a   1.4   0.2   1.2   0.8   5.0   5:41a     W
15  16.3  19.2   1:56p  13.4   8:11a   2.1   0.0   0.3   4.2  22.0   3:26p     W
16  15.2  19.0   2:41p  12.3   7:56a   3.1   0.0   0.0   4.4  24.0  10:56a     W
17  14.3  17.2   3:41p  11.5  11:56p   4.0   0.0   0.0   3.7  22.0   2:56p   WNW
18  14.2  20.8   2:11p  10.3   4:41a   4.3   0.1   0.0   2.5  15.0   9:41a     W
19  15.3  21.5  12:56p  11.1   7:11a   3.3   0.3   0.0   2.4   9.0   9:56a     N
20  17.0  23.0  10:56a  13.3   7:26a   1.9   0.6   0.0   1.5   7.0   9:11p   ENE
21  18.1  21.8   2:41p  15.9   6:26a   0.6   0.4   0.0   1.9   8.0   3:11p    NE
22  18.3  21.3   3:26p  16.6   5:26a   0.4   0.5   0.0   2.2   8.0  10:56a    NE
23  19.3  22.9   3:41p  16.5   3:56a   0.1   1.2   0.0   3.6  15.0  10:26a    NE
24  19.3  21.8   1:41p  17.3  11:41p   0.0   1.1   0.6   2.8  11.0   7:26a    NE
25  17.7  19.7   9:32a  16.2   7:41a   0.7   0.1   0.0   1.4  10.0  12:13p   ENE
26  16.2  19.8   1:50p  13.2  11:58p   2.1   0.0  18.0   1.0   8.0   9:56a     N
27  15.5  21.6   2:47p  12.6   2:41a   3.0   0.2   6.9   1.4  10.0   2:25p   NNE
----------------------------------------------------------------------------------
    16.3  25.9     2     8.2     6    66.4  12.1  69.3   2.1  24.0    16      NW

Max >=  25.0:  2
Max <=   0.0:  0
Min <=   0.0:  0
Min <=  -2.0:  0
Max Rain: 26.4 on day 3
Days of Rain: 10 (>= 0.1 mm)  6 (>= 1.0 mm)  2 (>= 10.0 mm)
Heat Base: 18.3  Cool Base: 18.3  Method: Integration
:now::gauges::real time::current records::monthly records::all-time records::noaa report::trends::station::forum: