barcelona weather

 Latitude N 52 38' 53"    Longitude W 01 41' 24"    Elevation 97 m

NOAA Style Reports

The comparative data used are the 30-year (1961-1990) monthly averages from Barcelona Airport, 8 miles SSW (204) from the weather station.

Select a Year or Month report

Report for 2014 Aug
                   Monthly Climatological Summary for Aug 2014

Name: Barcelona Weather   City: Barcelona   Community: Catalonia   Country: Spain
Elevation: 97 m  Lat: N 41 23' 42"   Lon: E 002 07' 50"

                  Temperature (C), Rain (mm), Wind Speed (mph)

                                      Heat  Cool        Avg
    Mean                              Deg   Deg         Wind                 Dom
Day Temp  High   Time   Low    Time   Days  Days  Rain  Speed High   Time    Dir
----------------------------------------------------------------------------------
 1  26.5  32.7   2:40p  22.1   4:40a   0.0   8.2   0.0   1.5  13.0   2:56p   ESE
 2  25.1  32.2   4:27p  21.5   7:06p   0.0   6.8   8.4   2.6  17.0   3:40p   ENE
 3  25.7  30.7   4:17p  20.8   6:50a   0.0   7.4   0.0   1.5  15.0   2:07p    SE
 4  26.0  31.1   4:42p  22.3   6:47a   0.0   7.7   0.0   3.0  15.0   2:04p     E
 5  26.3  31.5  11:09a  22.3   6:23a   0.0   8.0   0.0   2.5  15.0   4:00p     E
 6  27.0  31.8   6:10p  22.0   5:07a   0.0   8.7   0.0   1.5  16.0   2:49p    SW
 7  27.5  32.6   3:31p  23.2   6:32a   0.0   9.2   0.0   1.4  15.0   2:48p    SW
 8  27.6  32.2  12:27p  23.2   4:29a   0.0   9.3   0.0   1.4  15.0   4:21p   SSW
 9  26.2  30.5   4:25p  22.9   4:06a   0.0   7.9   0.0   4.3  20.0   3:51a   ENE
10  28.3  34.3   1:20p  23.0   6:47a   0.0  10.0   0.0   1.9  11.0  12:38a   ENE
11  26.6  31.7   1:32p  22.5  11:52p   0.0   8.3   0.0   3.1  16.0   3:05p     E
12  25.6  30.4   5:22p  22.2   7:12a   0.0   7.3   0.0   1.6  13.0  10:52a     S
13  25.6  31.8  10:16a  22.1  11:49p   0.0   7.3   0.0   2.9  21.0  11:46a   ESE
14  23.9  28.6   5:00p  19.6   7:33a   0.0   5.6   0.0   2.3  18.0   3:05p   WSW
15  22.9  26.2   1:50p  20.4   8:57p   0.0   4.6   6.0   3.1  20.0   3:40p     E
16  22.4  27.7   4:14p  19.7   7:24a   0.0   4.1   0.0   2.4  11.0   4:33p     N
17  23.9  28.9   1:59p  18.9   4:59a   0.0   5.6   0.0   1.9  18.0   4:44p     W
18  25.1  29.9  11:12a  20.8   4:45a   0.0   6.8   0.0   1.7  18.0   4:09p   WSW
19  24.2  29.3   4:23p  20.4   6:25a   0.0   5.9   0.0   2.4  15.0   3:48p   ESE
20  23.3  26.4   5:35p  21.5  10:56p   0.0   5.0   0.0   2.9  15.0   3:48p     E
21  23.1  28.2   2:49p  20.8   6:26a   0.0   4.8   0.0   2.0  13.0   1:16a   ESE
22  21.5  23.7  10:12a  17.2  11:36p   0.0   3.2  15.0   3.4  19.0   9:12p   ENE
23  22.4  28.6   4:43p  17.3   2:29a   0.0   4.2   0.3   1.7  16.0   4:43p     S
24  24.4  30.3   4:40p  20.2   2:48a   0.0   6.1   0.0   1.2  15.0   3:25p    SW
25  26.1  30.7   1:12p  22.5   7:01a   0.0   7.8   0.0   1.7  15.0   5:44p     W
26  27.0  33.5   4:00p  21.5   2:01a   0.0   8.7   0.0   1.7  12.0   5:36p     E
27  26.5  31.1   4:00p  22.7  11:28p   0.0   8.2   0.0   2.5  15.0   1:20p     E
28  26.6  32.0  11:44a  21.4   5:22a   0.0   8.3   0.0   1.2  14.0   3:15p   SSE
29  25.3  28.8   5:01p  22.8   6:27a   0.0   7.0   0.0   2.4  17.0   3:16p     E
30  25.9  31.8   3:59p  21.6   4:10a   0.0   7.6   0.0   1.4  13.0   4:53p   ESE
----------------------------------------------------------------------------------
    25.3  34.3    10    17.2    22     0.0 209.6  29.7   2.2  21.0    13     ESE

Max >=  25.0: 29
Max <=   0.0:  0
Min <=   0.0:  0
Min <=  -2.0:  0
Max Rain: 15.0 on day 22
Days of Rain: 4 (>= 0.1 mm)  3 (>= 1.0 mm)  1 (>= 10.0 mm)
Heat Base: 18.3  Cool Base: 18.3  Method: Integration
:now::gauges::real time::current records::monthly records::all-time records::noaa report::trends::station::forum: