barcelona weather

 Latitude N 52 38' 53"    Longitude W 01 41' 24"    Elevation 97 m

NOAA Style Reports

The comparative data used are the 30-year (1961-1990) monthly averages from Barcelona Airport, 8 miles SSW (204) from the weather station.

Select a Year or Month report

Report for 2014 Jul
                   Monthly Climatological Summary for Jul 2014

Name: Barcelona Weather   City: Barcelona   Community: Catalonia   Country: Spain
Elevation: 97 m  Lat: N 41 23' 42"   Lon: E 002 07' 50"

                  Temperature (C), Rain (mm), Wind Speed (mph)

                                      Heat  Cool        Avg
    Mean                              Deg   Deg         Wind                 Dom
Day Temp  High   Time   Low    Time   Days  Days  Rain  Speed High   Time    Dir
----------------------------------------------------------------------------------
 1  24.5  29.8   3:45p  20.5   6:44a   0.0   6.2   0.0   2.2  16.0  10:35p   ESE
 2  23.2  25.9   1:04p  20.6  11:35p   0.0   4.9   0.0   6.5  26.0   3:44p   ENE
 3  24.1  29.3   6:14p  20.1   5:34a   0.0   5.8   0.0   7.0  28.0   8:23p   ENE
 4  25.3  30.6   2:57p  18.3   7:52a   0.0   7.0  10.5   2.6  17.0   1:24a    NW
 5  26.5  32.0   6:36p  21.0   6:36a   0.0   8.2   0.0   2.0  14.0   3:57p     E
 6  25.5  30.3   6:23p  20.9   5:25a   0.0   7.2   0.0   1.5  15.0   2:05p   WSW
 7  20.8  26.4   4:09p  16.7  10:05p   0.1   2.7  23.7   3.2  16.0   2:57a   ENE
 8  21.5  27.7   5:38p  16.6   1:50a   0.2   3.4   0.3   2.5  16.0   8:20a     E
 9  21.8  27.7  11:33a  18.1   7:10a   0.0   3.5   0.0   3.3  19.0   2:43p     E
10  23.3  30.3   6:06p  18.1   6:44a   0.0   5.0   0.0   2.5  16.0   8:13a     W
11  23.5  29.7   5:09p  17.6   6:56a   0.0   5.2   0.0   2.7  17.0   7:22a    NW
12  22.5  25.9   8:15a  18.4   6:26a   0.0   4.2   0.0   2.7  17.0   2:44p     E
13  24.3  29.8   3:43p  18.6   6:27a   0.0   6.0   0.0   1.6  17.0   4:17p   WSW
14  23.3  27.3   5:28p  20.7   7:02a   0.0   5.0   0.3   2.7  16.0   1:53p     E
15  25.1  30.4   5:15p  20.4   4:09a   0.0   6.9   0.0   1.3  14.0   1:47p   SSE
16  27.3  32.5  12:23p  21.5   2:06a   0.0   9.0   0.0   1.7  14.0   1:24p   SSE
17  28.3  34.0  10:05a  23.0   5:26a   0.0  10.0   0.0   2.0  15.0   1:10p     W
18  28.0  33.8   1:24p  22.7   6:34a   0.0   9.7   0.0   1.7  14.0   2:21p   ESE
19  26.8  30.5   5:05p  23.4   6:45a   0.0   8.5   0.0   3.3  16.0  10:18a     E
20  27.8  34.2   5:47p  21.8  10:33p   0.0   9.5   0.0   3.6  25.0   8:28a   NNW
21  25.3  31.7   3:44p  20.5   6:37a   0.0   7.0   0.0   2.2  15.0   8:04a    SE
22  26.6  32.3  11:50a  20.9   6:28a   0.0   8.3   0.0   1.7  14.0   4:17p   WNW
23  26.8  31.6  10:21a  21.0   6:45a   0.0   8.5   0.0   1.6  16.0   4:41p   WSW
----------------------------------------------------------------------------------
    24.9  34.2    20    16.6     8     0.3 151.7  34.8   2.7  28.0     3     ENE

Max >=  25.0: 23
Max <=   0.0:  0
Min <=   0.0:  0
Min <=  -2.0:  0
Max Rain: 23.7 on day 7
Days of Rain: 4 (>= 0.1 mm)  2 (>= 1.0 mm)  2 (>= 10.0 mm)
Heat Base: 18.3  Cool Base: 18.3  Method: Integration
:now::gauges::real time::current records::monthly records::all-time records::noaa report::trends::station::forum: