barcelona weather

 Latitude N 52 38' 53"    Longitude W 01 41' 24"    Elevation 97 m

NOAA Style Reports

The comparative data used are the 30-year (1961-1990) monthly averages from Barcelona Airport, 8 miles SSW (204) from the weather station.

Select a Year or Month report

Report for 2014 Oct
                   Monthly Climatological Summary for Oct 2014

Name: Barcelona Weather   City: Barcelona   Community: Catalonia   Country: Spain
Elevation: 97 m  Lat: N 41 23' 42"   Lon: E 002 07' 50"

                  Temperature (C), Rain (mm), Wind Speed (mph)

                                      Heat  Cool        Avg
    Mean                              Deg   Deg         Wind                 Dom
Day Temp  High   Time   Low    Time   Days  Days  Rain  Speed High   Time    Dir
----------------------------------------------------------------------------------
 1  22.7  28.5   3:38p  17.5   5:54a   0.0   4.4   0.3   0.8   8.0   2:38p    SW
 2  23.6  29.9  12:33p  18.5   6:39a   0.0   5.3   0.0   1.2  11.0   2:29p   WSW
 3  22.4  28.6  11:52a  18.1   5:52a   0.0   4.1   0.0   1.6  11.0   3:07a     E
 4  22.6  28.3   2:50p  18.0   7:03a   0.0   4.3   0.0   1.6  11.0   5:37p     W
 5  20.4  24.9  11:59a  16.2   7:46a   0.2   2.2   6.0   2.0  27.0   7:02a     E
 6  21.6  28.0   3:23p  17.8   5:41a   0.0   3.3   0.0   1.1  11.0   4:38p    NW
 7  23.2  30.0   1:28p  18.2   7:39a   0.0   4.9   0.0   0.9  11.0  11:15a     W
 8  23.7  30.6  12:04p  18.7   3:01a   0.0   5.4   0.0   1.0  10.0   4:23p   WSW
 9  23.0  29.4   3:26p  18.3   6:24a   0.0   4.7   0.0   1.0  10.0   2:40p   WSW
10  22.5  28.9   2:54p  18.7   7:28a   0.0   4.2   0.0   1.3  11.0   3:03p     E
11  21.8  25.4   2:27p  18.1   7:57a   0.0   3.5   0.0   2.6  12.0  12:21p   ENE
12  23.3  29.1  12:54p  19.7   8:23a   0.0   5.0   0.6   1.2  12.0   2:09p     N
13  21.8  26.6  10:58a  17.8   8:21a   0.0   3.5   0.0   1.5  15.0   3:27p     W
14  19.8  24.6   1:31p  17.0  11:20p   0.0   1.5   0.0   1.3  16.0   3:31p   ENE
15  19.9  26.5   2:52p  15.2   7:19a   0.6   2.3   0.0   2.7  15.0   7:27a   WNW
16  22.8  29.4   3:11p  18.4   4:41a   0.0   4.5   0.0   2.2  17.0   6:27a     W
17  23.2  30.3  12:56p  17.6   4:01a   0.0   4.9   0.0   1.3  15.0   5:30a   WSW
18  23.9  31.3   3:59p  17.4   7:43a   0.0   5.6   0.0   0.8  10.0   5:44p     W
19  21.6  26.5   3:31p  18.5   4:39a   0.0   3.4   0.0   1.9  11.0   1:33p   ENE
20  23.3  30.6   2:22p  17.9   7:52a   0.0   5.0   0.0   0.7   8.0   4:56p     W
21  22.8  29.7  12:31p  17.8   6:38a   0.0   4.5   0.0   1.9  13.0  11:12a   ENE
22  21.3  27.7   2:23p  17.7   7:23a   0.0   3.0   0.0   1.9  13.0   7:59a    NW
23  20.1  28.1   5:25p  14.2   7:57a   0.6   2.4   0.0   1.6  12.0   8:03a    NW
----------------------------------------------------------------------------------
    22.2  31.3    18    14.2    23     1.4  91.9   6.9   1.5  27.0     5      NW

Max >=  25.0: 21
Max <=   0.0:  0
Min <=   0.0:  0
Min <=  -2.0:  0
Max Rain: 6.0 on day 5
Days of Rain: 3 (>= 0.1 mm)  1 (>= 1.0 mm)  0 (>= 10.0 mm)
Heat Base: 18.3  Cool Base: 18.3  Method: Integration
:now::gauges::real time::current records::monthly records::all-time records::noaa report::trends::station::forum: